{"id":21,"date":"2025-12-11T11:43:16","date_gmt":"2025-12-11T10:43:16","guid":{"rendered":"https:\/\/enex-energieberatung.de\/?page_id=21"},"modified":"2026-02-09T16:15:57","modified_gmt":"2026-02-09T15:15:57","slug":"ueber-uns","status":"publish","type":"page","link":"https:\/\/enex-energieberatung.de\/?page_id=21","title":{"rendered":"\u00dcber mich"},"content":{"rendered":"\t\t<div data-elementor-type=\"wp-page\" data-elementor-id=\"21\" class=\"elementor elementor-21\" data-elementor-post-type=\"page\">\n\t\t\t\t<div class=\"elementor-element elementor-element-8cee706 e-flex e-con-boxed e-con e-parent\" data-id=\"8cee706\" data-element_type=\"container\" data-e-type=\"container\">\n\t\t\t\t\t<div class=\"e-con-inner\">\n\t\t\t\t<div class=\"elementor-element elementor-element-a0f98dd elementor-widget elementor-widget-image\" data-id=\"a0f98dd\" data-element_type=\"widget\" data-e-type=\"widget\" data-widget_type=\"image.default\">\n\t\t\t\t\t\t\t\t\t\t\t\t\t\t\t<img decoding=\"async\" src=\"https:\/\/enex-energieberatung.de\/wp-content\/uploads\/2025\/12\/Uebermich.avif\" class=\"attachment-full size-full wp-image-31\" alt=\"\" \/>\t\t\t\t\t\t\t\t\t\t\t\t\t\t\t<\/div>\n\t\t\t\t\t<\/div>\n\t\t\t\t<\/div>\n\t\t<div class=\"elementor-element elementor-element-2e47e31 e-flex e-con-boxed e-con e-parent\" data-id=\"2e47e31\" data-element_type=\"container\" data-e-type=\"container\">\n\t\t\t\t\t<div class=\"e-con-inner\">\n\t\t\t\t<div class=\"elementor-element elementor-element-0c8ec04 elementor-widget elementor-widget-text-editor\" data-id=\"0c8ec04\" data-element_type=\"widget\" data-e-type=\"widget\" data-widget_type=\"text-editor.default\">\n\t\t\t\t\t\t\t\t\t<p>Seit meinem Studium der erneuerbaren Energietechnik, beginnend im Jahr 2009, besch\u00e4ftige ich mich damit, wie ein m\u00f6glichst wirtschaftlicher Umstieg auf die zuk\u00fcnftige\u00a0 Energieversorgung in unserer Gesellschaft aussehen kann. Viele H\u00fcrden gilt es zu meistern. Als freiberuflicher Energieberater m\u00f6chte ich gern pers\u00f6nlich einen Beitrag zu dieser Zukunft leisten.<\/p>\t\t\t\t\t\t\t\t<\/div>\n\t\t\t\t\t<\/div>\n\t\t\t\t<\/div>\n\t\t<div class=\"elementor-element elementor-element-7cd2851 e-flex e-con-boxed e-con e-parent\" data-id=\"7cd2851\" data-element_type=\"container\" data-e-type=\"container\">\n\t\t\t\t\t<div class=\"e-con-inner\">\n\t\t\t\t<div class=\"elementor-element elementor-element-5cb2c0c elementor-widget elementor-widget-heading\" data-id=\"5cb2c0c\" data-element_type=\"widget\" data-e-type=\"widget\" data-widget_type=\"heading.default\">\n\t\t\t\t\t<h2 class=\"elementor-heading-title elementor-size-default\">Werdegang<\/h2>\t\t\t\t<\/div>\n\t\t\t\t\t<\/div>\n\t\t\t\t<\/div>\n\t\t<div class=\"elementor-element elementor-element-940b9e9 e-flex e-con-boxed e-con e-parent\" data-id=\"940b9e9\" data-element_type=\"container\" data-e-type=\"container\">\n\t\t\t\t\t<div class=\"e-con-inner\">\n\t\t\t\t<div class=\"elementor-element elementor-element-b759111 elementor-widget elementor-widget-text-editor\" data-id=\"b759111\" data-element_type=\"widget\" data-e-type=\"widget\" data-widget_type=\"text-editor.default\">\n\t\t\t\t\t\t\t\t\t<p>2004 &#8211; 2008<\/p><p>Ausbildung zum Anlagenmechaniker f\u00fcr Heizungs-, Sanit\u00e4r- und Klimatechnik<\/p><p>2009 &#8211; 2013<\/p><p>Studium der Regenerativen Energietechnik (B. Eng.) an der Fachhochschule Nordhausen<\/p><p>2013 &#8211; 2014<\/p><p>T\u00e4tigkeit als Planungsingenieur f\u00fcr technische Geb\u00e4udeausr\u00fcstung bei der Firma AIC GmbH<\/p><p>in Chemnitz<\/p><p>2014 &#8211; 2021<\/p><p>T\u00e4tigkeit als Projektleiter f\u00fcr Geb\u00e4udetechnik und Energieeffizienz bei der Firma Engie\u00a0<span style=\"letter-spacing: 0.1px; text-wrap-mode: initial;\">Deutschland GmbH<\/span><\/p><p>2018 &#8211; 2021<\/p><p>Studium der Energie-, Geb\u00e4ude- und Umwelttechnik an der HTWK Leipzig (M. Eng.)<\/p><p>2022<\/p><p>Elternzeit, Weiterbildung zum zertifizierten Energie-Effizienz-Experten<\/p><p>seit 2023<\/p><p>Freiberufliche T\u00e4tigkeit als Energie-Effizienz-Experte<\/p><p>seit 2024<\/p><p>T\u00e4tigkeit als Energieberater f\u00fcr die Verbrauchzentrale,<\/p><p>Weiterbildung zum Energie-Effizienz-Experten f\u00fcr denkmalgesch\u00fctzte Geb\u00e4ude<\/p>\t\t\t\t\t\t\t\t<\/div>\n\t\t\t\t\t<\/div>\n\t\t\t\t<\/div>\n\t\t<div class=\"elementor-element elementor-element-ba620ef e-flex e-con-boxed e-con e-parent\" data-id=\"ba620ef\" data-element_type=\"container\" data-e-type=\"container\">\n\t\t\t\t\t<div class=\"e-con-inner\">\n\t\t\t\t<div class=\"elementor-element elementor-element-1245c82 elementor-widget elementor-widget-text-editor\" data-id=\"1245c82\" data-element_type=\"widget\" data-e-type=\"widget\" data-widget_type=\"text-editor.default\">\n\t\t\t\t\t\t\t\t\t<div class=\"sTtmz\" data-testid=\"static-text-element\"><div class=\"css-3mkjvh KNvh9\"><div class=\"\"><h1 class=\"text-align-center\" style=\"text-align: center;\"><span style=\"color: #55c4bf;\">Qualifikationen<\/span><\/h1><\/div><\/div><\/div><div class=\"xN_Tk\"><div class=\"sTtmz\" data-testid=\"static-text-element\"><div class=\"css-3mkjvh KNvh9\"><div class=\"\"><p class=\"text-align-center\" style=\"text-align: center;\">Durchf\u00fchrung Energetischer Inspektionen\u00a0<br \/>nach \u00a775 GEG [T\u00dcV]<\/p><p style=\"text-align: center;\">Energieauditor nach DIN EN 16247 [T\u00dcV]<\/p><p style=\"text-align: center;\">Energie-Effizienz-Experte mit\u00a0<br \/>Eintragung in die Energie-Effizienz-Experten Liste der DENA\u00a0<br \/>sowie zugelassener Energieberater bei der BAFA (Beraternummer: 043268)<\/p><p style=\"text-align: center;\">Energie-Effizienz-Experte f\u00fcr denkmalgesch\u00fctzte Geb\u00e4ude<\/p><\/div><\/div><\/div><\/div>\t\t\t\t\t\t\t\t<\/div>\n\t\t\t\t\t<\/div>\n\t\t\t\t<\/div>\n\t\t\t\t<\/div>\n\t\t","protected":false},"excerpt":{"rendered":"<p>Seit meinem Studium der erneuerbaren Energietechnik, beginnend im Jahr 2009, besch\u00e4ftige ich mich damit, wie ein m\u00f6glichst wirtschaftlicher Umstieg auf die zuk\u00fcnftige\u00a0 Energieversorgung in unserer Gesellschaft aussehen kann. Viele H\u00fcrden gilt es zu meistern. Als freiberuflicher Energieberater m\u00f6chte ich gern pers\u00f6nlich einen Beitrag zu dieser Zukunft leisten. Werdegang 2004 &#8211; 2008 Ausbildung zum Anlagenmechaniker f\u00fcr [&hellip;]<\/p>\n","protected":false},"author":1,"featured_media":0,"parent":0,"menu_order":0,"comment_status":"closed","ping_status":"closed","template":"","meta":{"footnotes":""},"class_list":["post-21","page","type-page","status-publish","hentry"],"_links":{"self":[{"href":"https:\/\/enex-energieberatung.de\/index.php?rest_route=\/wp\/v2\/pages\/21","targetHints":{"allow":["GET"]}}],"collection":[{"href":"https:\/\/enex-energieberatung.de\/index.php?rest_route=\/wp\/v2\/pages"}],"about":[{"href":"https:\/\/enex-energieberatung.de\/index.php?rest_route=\/wp\/v2\/types\/page"}],"author":[{"embeddable":true,"href":"https:\/\/enex-energieberatung.de\/index.php?rest_route=\/wp\/v2\/users\/1"}],"replies":[{"embeddable":true,"href":"https:\/\/enex-energieberatung.de\/index.php?rest_route=%2Fwp%2Fv2%2Fcomments&post=21"}],"version-history":[{"count":10,"href":"https:\/\/enex-energieberatung.de\/index.php?rest_route=\/wp\/v2\/pages\/21\/revisions"}],"predecessor-version":[{"id":312,"href":"https:\/\/enex-energieberatung.de\/index.php?rest_route=\/wp\/v2\/pages\/21\/revisions\/312"}],"wp:attachment":[{"href":"https:\/\/enex-energieberatung.de\/index.php?rest_route=%2Fwp%2Fv2%2Fmedia&parent=21"}],"curies":[{"name":"wp","href":"https:\/\/api.w.org\/{rel}","templated":true}]}}