{"id":169,"date":"2026-01-21T12:04:21","date_gmt":"2026-01-21T11:04:21","guid":{"rendered":"https:\/\/enex-energieberatung.de\/?page_id=169"},"modified":"2026-01-21T15:44:38","modified_gmt":"2026-01-21T14:44:38","slug":"news-neues-gebaeudemodernisierungsgesetz","status":"publish","type":"page","link":"https:\/\/enex-energieberatung.de\/?page_id=169","title":{"rendered":"News: Neues Geb\u00e4udemodernisierungsgesetz"},"content":{"rendered":"\t\t<div data-elementor-type=\"wp-page\" data-elementor-id=\"169\" class=\"elementor elementor-169\" data-elementor-post-type=\"page\">\n\t\t\t\t<div class=\"elementor-element elementor-element-4d17f41 e-flex e-con-boxed e-con e-parent\" data-id=\"4d17f41\" data-element_type=\"container\" data-e-type=\"container\">\n\t\t\t\t\t<div class=\"e-con-inner\">\n\t\t\t\t<div class=\"elementor-element elementor-element-40d132d elementor-widget elementor-widget-image\" data-id=\"40d132d\" data-element_type=\"widget\" data-e-type=\"widget\" data-widget_type=\"image.default\">\n\t\t\t\t\t\t\t\t\t\t\t\t\t\t\t<img fetchpriority=\"high\" decoding=\"async\" width=\"800\" height=\"530\" src=\"https:\/\/enex-energieberatung.de\/wp-content\/uploads\/2026\/01\/Europaflagge-1024x678.jpg\" class=\"attachment-large size-large wp-image-171\" alt=\"\" srcset=\"https:\/\/enex-energieberatung.de\/wp-content\/uploads\/2026\/01\/Europaflagge-1024x678.jpg 1024w, https:\/\/enex-energieberatung.de\/wp-content\/uploads\/2026\/01\/Europaflagge-300x199.jpg 300w, https:\/\/enex-energieberatung.de\/wp-content\/uploads\/2026\/01\/Europaflagge-768x509.jpg 768w, https:\/\/enex-energieberatung.de\/wp-content\/uploads\/2026\/01\/Europaflagge-1536x1018.jpg 1536w, https:\/\/enex-energieberatung.de\/wp-content\/uploads\/2026\/01\/Europaflagge.jpg 1920w\" sizes=\"(max-width: 800px) 100vw, 800px\" \/>\t\t\t\t\t\t\t\t\t\t\t\t\t\t\t<\/div>\n\t\t\t\t\t<\/div>\n\t\t\t\t<\/div>\n\t\t<div class=\"elementor-element elementor-element-7c97a57 e-flex e-con-boxed e-con e-parent\" data-id=\"7c97a57\" data-element_type=\"container\" data-e-type=\"container\">\n\t\t\t\t\t<div class=\"e-con-inner\">\n\t\t\t\t<div class=\"elementor-element elementor-element-c4b88d5 elementor-widget elementor-widget-text-editor\" data-id=\"c4b88d5\" data-element_type=\"widget\" data-e-type=\"widget\" data-widget_type=\"text-editor.default\">\n\t\t\t\t\t\t\t\t\t<h3 class=\"text-align-center\" style=\"text-align: center;\"><span style=\"color: #55c4bf;\">Das neue Geb\u00e4udemodernisierungsgesetz<\/span><\/h3><p class=\"text-align-center\" style=\"text-align: center;\"><strong>Das bisherige Geb\u00e4udeenergiegesetz (GEG), oft als \u201eHeizungsgesetz\u201c bezeichnet, wird 2026 durch das neue Geb\u00e4udemodernisierungsgesetz (GMG) abgel\u00f6st.<\/strong><\/p><p style=\"text-align: center;\">Nachdem das GEG 2024 f\u00fcr viel Diskussionsstoff gesorgt hat, setzt die Bundesregierung nun auf eine grundlegende Neuausrichtung. Das geplante\u00a0<strong>Geb\u00e4udemodernisierungsgesetz (GMG)<\/strong>\u00a0soll das Regelwerk vereinfachen und an die neuen Vorgaben der EU-Geb\u00e4uderichtlinie (EPBD) anpassen.<\/p><h3 class=\"text-align-center\" style=\"text-align: center;\"><span style=\"color: #55c4bf;\">Die wichtigsten \u00c4nderungen im \u00dcberblick &#8211; was bisher bekannt ist<\/span><\/h3><p style=\"text-align: center;\"><strong>1. Abschied von der reinen Heizungs-Fokussierung<\/strong><\/p><p style=\"text-align: center;\">Ziel soll es voraussichtlich sein, das Regelwerk technologieoffener und flexibler zu gestalten. Das bedeutet: Der Fokus verschiebt sich weg von starren Einzelma\u00dfnahmen hin zur energetischen Gesamtperformance des Geb\u00e4udes.<\/p><p style=\"text-align: center;\"><strong>2. Fokus auf die \u201eWorst Performing Buildings\u201c<\/strong><\/p><p style=\"text-align: center;\">Die EU gibt den Takt vor: Geb\u00e4ude mit der schlechtesten Energiebilanz m\u00fcssen priorisiert saniert werden. F\u00fcr Wohngeb\u00e4ude liegt der Schwerpunkt auf Anreizen zur Senkung des Prim\u00e4renergieverbrauchs, um eine Sanierungswelle durch F\u00f6rderung statt durch reinen Zwang zu erreichen.<\/p><p style=\"text-align: center;\"><strong>3. Die \u00d6kobilanz (LCA) wird zum Standard<\/strong><\/p><p style=\"text-align: center;\">Was bisher nur f\u00fcr die KfW-NH-Klasse (Nachhaltigkeitsklasse) notwendig war, r\u00fcckt nun n\u00e4her an den gesetzlichen Standard: Die\u00a0<strong>LCA (Life Cycle Assessment)<\/strong>. Das GMG soll den Weg f\u00fcr den\u00a0<strong>digitalen Geb\u00e4uderessourcenpass<\/strong>\u00a0ebnen. K\u00fcnftig z\u00e4hlt nicht mehr nur, wie viel Energie ein Haus im Betrieb verbraucht, sondern wie viel CO\u2082 bereits bei der Herstellung der Baustoffe (die \u201egraue Energie\u201c) verursacht wurde.<\/p><p style=\"text-align: center;\"><strong>4. Ausweitung der Solarpflicht<\/strong><\/p><p style=\"text-align: center;\">Ein zentraler Baustein des GMG ist die verst\u00e4rkte Nutzung der Dachfl\u00e4chen. Ab 2026 greifen versch\u00e4rfte Regeln zur Installation von Photovoltaik-Anlagen \u2013 insbesondere dann, wenn im Zuge einer Sanierung die Dachhaut komplett erneuert wird.<\/p><h3 style=\"text-align: center;\"><span style=\"color: #55c4bf;\">Zeitplan: Wann tritt das GMG voraussichtlich in Kraft?<\/span><\/h3><p style=\"text-align: center;\"><strong>Januar 2026:<\/strong> Geplante Ver\u00f6ffentlichung der finalen inhaltlichen Eckpunkte.\u00a0<br \/><strong>Februar 2026:<\/strong>\u00a0Geplanter Kabinettsbeschluss des Gesetzentwurfs.<br \/><strong>Mitte 2026:<\/strong>\u00a0Voraussichtliches Inkrafttreten (Umsetzungsfrist der EU-Richtlinie ist Mai 2026).<\/p><p style=\"text-align: center;\"><strong>Wichtig f\u00fcr Bauherren:<\/strong>\u00a0Bis zur finalen Verabschiedung des GMG gilt das aktuelle\u00a0<strong>GEG 2024<\/strong>\u00a0unvermindert weiter.\u00a0<\/p>\t\t\t\t\t\t\t\t<\/div>\n\t\t\t\t\t<\/div>\n\t\t\t\t<\/div>\n\t\t\t\t<\/div>\n\t\t","protected":false},"excerpt":{"rendered":"<p>Das neue Geb\u00e4udemodernisierungsgesetz Das bisherige Geb\u00e4udeenergiegesetz (GEG), oft als \u201eHeizungsgesetz\u201c bezeichnet, wird 2026 durch das neue Geb\u00e4udemodernisierungsgesetz (GMG) abgel\u00f6st. Nachdem das GEG 2024 f\u00fcr viel Diskussionsstoff gesorgt hat, setzt die Bundesregierung nun auf eine grundlegende Neuausrichtung. Das geplante\u00a0Geb\u00e4udemodernisierungsgesetz (GMG)\u00a0soll das Regelwerk vereinfachen und an die neuen Vorgaben der EU-Geb\u00e4uderichtlinie (EPBD) anpassen. Die wichtigsten \u00c4nderungen im [&hellip;]<\/p>\n","protected":false},"author":1,"featured_media":0,"parent":0,"menu_order":0,"comment_status":"closed","ping_status":"closed","template":"","meta":{"footnotes":""},"class_list":["post-169","page","type-page","status-publish","hentry"],"_links":{"self":[{"href":"https:\/\/enex-energieberatung.de\/index.php?rest_route=\/wp\/v2\/pages\/169","targetHints":{"allow":["GET"]}}],"collection":[{"href":"https:\/\/enex-energieberatung.de\/index.php?rest_route=\/wp\/v2\/pages"}],"about":[{"href":"https:\/\/enex-energieberatung.de\/index.php?rest_route=\/wp\/v2\/types\/page"}],"author":[{"embeddable":true,"href":"https:\/\/enex-energieberatung.de\/index.php?rest_route=\/wp\/v2\/users\/1"}],"replies":[{"embeddable":true,"href":"https:\/\/enex-energieberatung.de\/index.php?rest_route=%2Fwp%2Fv2%2Fcomments&post=169"}],"version-history":[{"count":7,"href":"https:\/\/enex-energieberatung.de\/index.php?rest_route=\/wp\/v2\/pages\/169\/revisions"}],"predecessor-version":[{"id":243,"href":"https:\/\/enex-energieberatung.de\/index.php?rest_route=\/wp\/v2\/pages\/169\/revisions\/243"}],"wp:attachment":[{"href":"https:\/\/enex-energieberatung.de\/index.php?rest_route=%2Fwp%2Fv2%2Fmedia&parent=169"}],"curies":[{"name":"wp","href":"https:\/\/api.w.org\/{rel}","templated":true}]}}